lculate the remainder when 118 is divided by k(-16).
32
Let v be (1/4 - 30/(-40))*0. Calculate the remainder when 448 is divided by v + (-30)/((-4)/4).
28
Calculate the remainder when 160 is divided by (86 + -88 - (1 + -64)) + 10.
18
Suppose -4*h = 4, -7311 = -5*g - 3*h + 30281. Calculate the remainder when g is divided by 23.
21
Let w be (-446)/(-6)*(-48 - -84). Let c = w + -1670. Calculate the remainder when c is divided by 63.
61
Let r(d) = -380*d - 242. Calculate the remainder when r(-3) is divided by 20.
18
Let q = -37683 - -37692. What is the remainder when 132 is divided by q?
6
Let n be (-235)/6 - 9/(-54). Let l = 92 + n. Let p = 20 + -2. Calculate the remainder when l is divided by p.
17
Let w be (-2*2/8)/(5/(-190)). Suppose 3*q - c - 35 = 4*c, q - w = -2*c. What is the remainder when 163 is divided by q?
13
Suppose -5*j + 0*m = -5*m - 865, 351 = 2*j + 3*m. Suppose -j = -2*z - z. Suppose -l + z = l. Calculate the remainder when l is divided by 15.
14
Suppose -54*r + 333*r = -60*r + 3390. Let j = -33 - -71. Calculate the remainder when j is divided by r.
8
Suppose 2*n + d = -2*d - 112, 2*n - 4*d = -126. Let b = n - -68. What is the remainder when 163 is divided by ((-14)/3 + (-3)/b)*-3?
13
Suppose -100 = 464*c - 469*c. Calculate the remainder when 45 is divided by (-5)/((-50)/126) - (-8)/c.
6
Let w = -7421 + 7427. What is the remainder when w is divided by 2?
0
Let r(h) = -7*h**2 + 367*h - 154. Calculate the remainder when 13 is divided by r(52).
1
Let l(k) = 17*k**3 + 27*k**2 - 213*k - 1. Calculate the remainder when l(6) is divided by 37.
35
Suppose -142*c - 93 = -145*c. Let z(x) = -x**2 + 29*x + 72. Suppose 4*j = -2*h + 6*h + 32, 4*j = 3*h + 31. What is the remainder when z(c) is divided by j?
3
Suppose r = 6*m + 640, 0 = -0*r + 2*r + 2*m - 1308. What is the remainder when r is divided by 100?
52
Let o be (-2 - 16/(-10))/(6/(-30)). What is the remainder when (-2 - 86/4)/(o/(-8)) is divided by 34?
26
Let m(k) = 37 + 33 - 33*k + 14*k**2 - 6*k**2 - 7*k**2. What is the remainder when m(31) is divided by 6?
2
Suppose -3*x - 4*v + 148 = 0, -52*x + 57*x - 244 = -4*v. Calculate the remainder when x is divided by 28.
20
Suppose -74*a + 256252 + 279172 = 302*a. Calculate the remainder when a is divided by 17.
13
Suppose -4*d = b - 35, -11 + 169 = 5*b + 3*d. What is the remainder when 774 is divided by b?
30
Suppose -9471 = -33*s + 44*s. Let z = s - -878. What is the remainder when z is divided by 3?
2
Suppose 4*u - 340 = -0*u. What is the remainder when u is divided by (14 - (-1254)/(-99))*(4 + 125/10)?
19
Suppose 15*m - 246 = -6. Suppose -352 = -m*r - 6*r. Calculate the remainder when 37 is divided by r.
5
Let q(m) = 6*m**2 + 21*m + 11. Let t be q(-5). Calculate the remainder when 59 is divided by 34 + t/(-7) + 9.
24
Let y = -196 - -204. Suppose -y*l + 938 - 50 = 0. What is the remainder when l is divided by 7?
6
Let z be (56/3)/((-2)/6). Let k = -24 - z. What is the remainder when 111 + (-16)/(208/(-195)) is divided by k?
30
Let g = 258 - 150. Let h = g + -63. Suppose -5*q + 3*z = -109, 11*z + 21 = q + 10*z. Calculate the remainder when h is divided by q.
22
Suppose 11 = -4*h + 19. Let c(r) = 2 + 3*r + 0 - 5*r + 16*r**h - 1. What is the remainder when 56 is divided by c(-1)?
18
Let u(j) = j**3 + 22*j**2 + 41*j - 16. Let g be u(-20). What is the remainder when (-21)/27 + 1 + (-4636)/g is divided by (-666)/(-15) + 4/(-10)?
41
Let u(h) = -16*h**2 + 96*h + 19. Calculate the remainder when 54 is divided by u(6).
16
Let n = -358 - -388. Let i(y) = 15*y + 2. Let r be i(-8). Calculate the remainder when r/(-1) + (0 - 0) is divided by n.
28
Suppose 5*n = -2*h + 498, -3*h = 2*h + 5. Let q be -4 - (-190)/45 - (-1256)/18. Let b = q + -44. What is the remainder when n is divided by b?
22
Let b be (27 - 30)*(-1)/3. Let w(n) = 49*n**3 - n**2. What is the remainder when w(b) is divided by 25?
23
Suppose 3*m - 586 = n, 6*m - 10*m + 808 = 2*n. Calculate the remainder when 606 is divided by m.
12
Suppose 0 = -4*s + 4*d + 260, 207 = -1930*s + 1933*s + d. What is the remainder when 215 is divided by s?
11
Let x(d) = 3*d**3 - 6*d**2 - 2*d - 30. Calculate the remainder when x(7) is divided by 173.
172
Suppose 4*q - 270 = 166. Suppose -17*f + 825 = -2*f. What is the remainder when q is divided by f?
54
Suppose 3*y - 2*p - 9 = -3, -4*y + p + 3 = 0. Suppose -3*n + 15 + 42 = y. What is the remainder when 303 is divided by n?
18
Suppose -128844 = -209*g + 19149 - 8172. Calculate the remainder when g is divided by 56.
53
Let q be 18/12*332/(-3). Let k = q + 197. What is the remainder when 151 is divided by k?
27
Let q = 5833 - 1770. What is the remainder when q is divided by 83?
79
Suppose -24*k = a - 20*k - 5, -k = 4*a - 20. Suppose z - 9*r + a*r = 34, 5*z - 4*r - 122 = 0. Calculate the remainder when 125 is divided by z.
15
Let c = 18869 + -14563. What is the remainder when c is divided by 30?
16
Suppose 37*s - 78 - 107 = 0. Suppose s*p - a = 714, 0*p = -3*p - 4*a + 433. Calculate the remainder when p is divided by 30.
23
What is the remainder when 844 is divided by 1923/9 + 46/138?
202
Suppose 2*i = 4*l + 454, -2*i - 3*i - 2*l + 1147 = 0. Suppose -5*h + i = 54. Suppose -4*z + h = -69. Calculate the remainder when 101 is divided by z.
23
Suppose 5*s = -3*t + 355, -2*t = -6*t - 4*s + 476. Suppose -2*y = 4*y - t. What is the remainder when 32 is divided by y?
12
Let k = 254 - 250. Suppose -3*f - 2*f + 4*m + 579 = 0, -k*f = -3*m - 464. What is the remainder when f is divided by (-136)/(-12) + 4/6?
11
Suppose 11*o - 180 = 9*o - h, -2*o - 3*h = -172. Calculate the remainder when 176 is divided by o.
84
Suppose 17*j + 1097 - 1496 - 1811 = 0. What is the remainder when 779 is divided by j?
129
Suppose -252 = -7*o + 616. Suppose 3*b + 16 = o. Let d = -10 + b. What is the remainder when 128 is divided by d?
24
Suppose -36*d + 33*d + 7566 = 0. Calculate the remainder when d is divided by 101.
98
Let r(q) = -q. Let c(i) = -96*i - 24. Let x(h) = c(h) - 3*r(h). Let b be x(14). Calculate the remainder when 48 is divided by b/52*(-4)/6.
14
Let n = -822 - -826. Suppose 4*y + 5*b - n*b = 244, y + 4*b - 76 = 0. What is the remainder when 223 is divided by y?
43
Let o(n) = 2*n**3 + 10*n**2 + 2*n - 1. Suppose 52 = 2*t + 2*a, 3*a - 102 = -4*t + 7. Let m = t - 35. What is the remainder when 42 is divided by o(m)?
19
Suppose -56 + 3666 = 19*l. Calculate the remainder when l is divided by 39.
34
Suppose -2*u = x - 1608, -x - 5655 = -u - 6*u. What is the remainder when u is divided by 163?
155
Suppose 4*l = -2*u + 36, -4*l + 27 = 5*u - 3. Calculate the remainder when 174 is divided by -3*1/((-2)/l) + 1.
14
Let o(s) = 116*s + 712. What is the remainder when 2605 is divided by o(-6)?
13
Suppose -3*z - 4*m = -54, -14*z + 15*z = -4*m + 26. Let b = 24 - 7. Calculate the remainder when b is divided by z.
3
Let n(s) = s**2 - 4*s - 20. Let x be n(-5). Let h = 29 - x. Let v(l) = 4*l + 3. Calculate the remainder when 34 is divided by v(h).
15
Suppose -61*j = -63*j - 4*i + 64, -j + 27 = i. Suppose j*g + 300 = 37*g. What is the remainder when 72 is divided by g?
12
What is the remainder when 498/30 + (-4)/(-10) is divided by (-84)/63*(0 + -6)?
1
Let b = -1651 - -3739. Suppose -33*t + b = -3720. What is the remainder when t is divided by 46?
38
Suppose 333*t = 311*t + 1207 - 239. Let y = 21 - 7. Calculate the remainder when t is divided by y.
2
Suppose 2*y - 3*y + 108 = 3*x, -4*x - 5*y = -144. Suppose -31*q - x = -34*q. Let h = -3 - -11. Calculate the remainder when q is divided by h.
4
Suppose -98791*i + 12844 = -98787*i. What is the remainder when i is divided by 17?
15
Suppose 11*w - 189 = 8*w. Suppose 11*v - 143 = -22. What is the remainder when w is divided by v?
8
Let l = -731 + 1434. Calculate the remainder when l is divided by 180.
163
Let y(w) = -309*w + 1574. What is the remainder when 281 is divided by y(5)?
20
Let y be ((-30)/25)/(10/275). Let b = -28 - y. Calculate the remainder when 28 is divided by b.
3
Let j be ((-12)/(-10))/(4/(-10)). Let p(h) = -3*h**3 + 27*h**2 + h - 6. Let r be p(9). What is the remainder when j/(r/(-52))*15/12 is divided by 17?
14
Suppose -3*q + 72 = -15. Let o = q - 20. Calculate the remainder when (51/4)/((-18)/(-48)) is divided by o.
7
Suppose -32*c = -21*c. 